remainder when 6035 is divided by 131.
9
What is the remainder when 139 is divided by 22?
7
Calculate the remainder when 225 is divided by 77.
71
Calculate the remainder when 358 is divided by 90.
88
What is the remainder when 1101 is divided by 363?
12
Calculate the remainder when 550 is divided by 46.
44
Calculate the remainder when 74 is divided by 25.
24
What is the remainder when 122 is divided by 54?
14
Calculate the remainder when 193 is divided by 74.
45
What is the remainder when 111 is divided by 28?
27
Calculate the remainder when 9462 is divided by 338.
336
Calculate the remainder when 469 is divided by 66.
7
Calculate the remainder when 79 is divided by 33.
13
What is the remainder when 4054 is divided by 169?
167
What is the remainder when 58 is divided by 31?
27
What is the remainder when 67 is divided by 12?
7
What is the remainder when 518 is divided by 194?
130
Calculate the remainder when 1932 is divided by 9.
6
Calculate the remainder when 96 is divided by 14.
12
What is the remainder when 3385 is divided by 20?
5
Calculate the remainder when 110 is divided by 38.
34
What is the remainder when 331 is divided by 162?
7
Calculate the remainder when 6430 is divided by 134.
132
Calculate the remainder when 441 is divided by 41.
31
What is the remainder when 36 is divided by 4?
0
Calculate the remainder when 20941 is divided by 16.
13
Calculate the remainder when 126 is divided by 64.
62
What is the remainder when 3637 is divided by 35?
32
Calculate the remainder when 168 is divided by 57.
54
Calculate the remainder when 17828 is divided by 12.
8
Calculate the remainder when 1582 is divided by 72.
70
What is the remainder when 67 is divided by 25?
17
What is the remainder when 221 is divided by 83?
55
What is the remainder when 363 is divided by 61?
58
Calculate the remainder when 120 is divided by 38.
6
Calculate the remainder when 178 is divided by 33.
13
What is the remainder when 1050 is divided by 520?
10
Calculate the remainder when 928 is divided by 8.
0
Calculate the remainder when 1606 is divided by 67.
65
What is the remainder when 849 is divided by 50?
49
What is the remainder when 346 is divided by 39?
34
What is the remainder when 2338 is divided by 233?
8
What is the remainder when 531 is divided by 14?
13
What is the remainder when 7378 is divided by 11?
8
What is the remainder when 1492 is divided by 13?
10
What is the remainder when 507 is divided by 84?
3
What is the remainder when 195 is divided by 14?
13
Calculate the remainder when 87 is divided by 36.
15
Calculate the remainder when 252 is divided by 43.
37
What is the remainder when 385 is divided by 43?
41
Calculate the remainder when 1270 is divided by 29.
23
What is the remainder when 566 is divided by 31?
8
What is the remainder when 122 is divided by 19?
8
Calculate the remainder when 280 is divided by 42.
28
What is the remainder when 304 is divided by 79?
67
Calculate the remainder when 5881 is divided by 18.
13
What is the remainder when 16567 is divided by 152?
151
What is the remainder when 1154 is divided by 17?
15
What is the remainder when 898 is divided by 6?
4
What is the remainder when 867 is divided by 174?
171
Calculate the remainder when 6090 is divided by 277.
273
Calculate the remainder when 45 is divided by 12.
9
What is the remainder when 172 is divided by 39?
16
Calculate the remainder when 91 is divided by 27.
10
What is the remainder when 1633 is divided by 543?
4
Calculate the remainder when 1228 is divided by 82.
80
Calculate the remainder when 803 is divided by 7.
5
Calculate the remainder when 263 is divided by 33.
32
What is the remainder when 128 is divided by 117?
11
Calculate the remainder when 840 is divided by 307.
226
What is the remainder when 299 is divided by 282?
17
What is the remainder when 1649 is divided by 32?
17
Calculate the remainder when 608 is divided by 17.
13
Calculate the remainder when 210 is divided by 42.
0
Calculate the remainder when 1680 is divided by 120.
0
Calculate the remainder when 8 is divided by 5.
3
What is the remainder when 2011 is divided by 7?
2
Calculate the remainder when 389 is divided by 19.
9
Calculate the remainder when 282 is divided by 68.
10
Calculate the remainder when 532 is divided by 62.
36
Calculate the remainder when 492 is divided by 88.
52
What is the remainder when 562 is divided by 23?
10
What is the remainder when 256 is divided by 4?
0
Calculate the remainder when 561 is divided by 180.
21
What is the remainder when 15569 is divided by 45?
44
What is the remainder when 332 is divided by 38?
28
What is the remainder when 156 is divided by 117?
39
What is the remainder when 1134 is divided by 67?
62
What is the remainder when 534 is divided by 235?
64
Calculate the remainder when 25795 is divided by 300.
295
What is the remainder when 3065 is divided by 1018?
11
What is the remainder when 2296 is divided by 2285?
11
Calculate the remainder when 18519 is divided by 18.
15
What is the remainder when 291 is divided by 42?
39
Calculate the remainder when 1932 is divided by 5.
2
What is the remainder when 121 is divided by 120?
1
What is the remainder when 142 is divided by 2?
0
Calculate the remainder when 176 is divided by 30.
26
Calculate the remainder when 1939 is divided by 89.
70
What is the remainder when 331 is divided by 19?
8
Calculate the remainder when 705 is divided by 308.
89
Calculate the remainder when 110 is divided by 30.
20
What is the remainder when 1245 is divided by 78?
75
What is the remainder when 329 is divided by 15?
14
What is the remainder when 622 is divided by 25?
22
What is the remainder when 9757 is divided by 40?
37
What is the remainder when 7177 is divided by 37?
36
Calculate the remainder when 1208 is divided by 401.
5
Calculate the remainder when 113 is divided by 57.
56
What is the remainder when 184 is divided by 27?
22
What is the remainder when 5374 is divided by 84?
82
Calculate the remainder when 1059 is divided by 213.
207
Calculate the remainder when 33417 is divided by 77.
76
What is the remainder when 495 is divided by 6?
3
Calculate the remainder when 3717 is divided by 40.
37
What is the remainder when 1390 is divided by 355?
325
Calculate the remainder when 1252 is divided by 5.
2
Calculate the remainder when 102 is divided by 35.
32
Calculate the remainder when 347 is divided by 22.
17
What is the remainder when 237 is divided by 99?
39
What is the remainder when 5315 is divided by 20?
15
Calculate the remainder when 155 is divided by 106.
49
What is the remainder when 66 is divided by 32?
2
Calculate the remainder when 68 is divided by 14.
12
What is the remainder when 78 is divided by 40?
38
Calculate the remainder when 388 is divided by 36.
28
Calculate the remainder when 8155 is divided by 20.
15
What is the remainder when 382 is divided by 49?
39
What is the remainder when 80 is divided by 18?
8
What is the remainder when 426 is divided by 74?
56
What is the remainder when 566 is divided by 2?
0
What is the remainder when 57 is divided by 10?
7
What is the remainder when 122 is divided by 62?
60
What is the remainder when 768 is divided by 352?
64
What is the remainder when 18 is divided by 16?
2
What is the remainder when 88 is divided by 18?
16
Calculate the remainder when 218 is divided by 111.
107
What is the remainder when 28 is divided by 27?
1
What is the remainder when 119 is divided by 6?
5
What is the remainder when 209 is divided by 36?
29
What is the remainder when 26 is divided by 19?
7
What is the remainder when 954 is divided by 105?
9
Calculate the remainder when 2050 is divided by 680.
10
Calculate the remainder when 30 is divided by 6.
0
Calculate the remainder when 58412 is divided by 48.
44
What is the remainder when 8681 is divided by 6?
5
Calculate the remainder when 767 is divided by 60.
47
Calculate the remainder when 276 is divided by 35.
31
What is the remainder when 2595 is divided by 26?
21
Calculate the remainder when 461 is divided by 29.
26
Calculate the remainder when 6212 is divided by 14.
10
Calculate the remainder when 355 is divided by 14.
5
Calculate the remainder when 599 is divided by 99.
5
Calculate the remainder when 12359 is divided by 10.
9
Calculate the remainder when 